ative of 1/4*p**4 + p**2 - p + q*p**3 + 1. Give b(-2).
-13
Let n(q) = -14*q**2 - 26*q + 140. Let b(f) = 20*f**2 + 39*f - 205. Let g(o) = 5*b(o) + 7*n(o). Calculate g(3).
12
Suppose 6*o + 2*o - 19776 = 0. Let g(f) = -2466*f**2 + 10*f + f**3 + 2 + o*f**2 - 11*f. What is g(-6)?
8
Let j be -5 + 7 + (-8 - 1). Let m be (-2 - -1) + j/21*-6. Let t(p) = p + 1 + 0 + 2*p**2 - 4*p**3 - 3*p. Give t(m).
-3
Let g(f) = 2*f. Let o(r) = -8*r. Let a(n) = 9*g(n) + 2*o(n). Let v = 1342 - 542. Suppose -v*m + 60 = -788*m. Calculate a(m).
10
Let p(t) be the second derivative of -t**3/6 + 3*t. Let a = -11 - -17. Let y(d) = 4*d. Let q(s) = a*p(s) + y(s). Determine q(-3).
6
Let h = 39 - 39. Let g(m) = -4*m**3 + 3 - 10*m + 3*m**3 - 11*m - 5*m + 27*m. What is g(h)?
3
Let g(s) be the third derivative of -3*s**4 - 2*s**2 + 5*s - 103. Give g(-1).
72
Let x(z) be the third derivative of 0*z - 1/60*z**6 + 1/8*z**4 - 1/60*z**5 + 1/6*z**3 - 33*z**2 + 0. Calculate x(-2).
7
Let d = 601 - 583. Let w(c) = -c**2 - 6*c - 4. Let a be w(-4). Let l(h) = -h**2 + 3*h - a*h - 14 + d. What is l(3)?
-8
Suppose 46 = 17*q + 97. Let v(b) = b**2 + 12*b - 7. Let a be v(-13). Let j(n) = -2*n - n - a + 0 + 2. Determine j(q).
5
Let z(f) = -22*f + 4. Let u be z(2). Let i be (u/(-90))/(-2 + 38/18). Let s(w) = 2*w + 9. Give s(i).
17
Let z be 567/35 - (-2)/(-10). Let k(m) = -m + 17. Let s be k(z). Let f be ((-2 - s) + -3)*1. Let g(h) = h + 7. Calculate g(f).
1
Let z = 524 + -752. Let b = z + 237. Let y(w) = -w**3 + 10*w**2 - 11*w + 7. Calculate y(b).
-11
Let v be (2*2/(-8))/(1/(-216)). Suppose 0 = 4*l - 20, 5*y + 4*l + 212 = -v. Let m = y - -74. Let q(s) = -s**3 + 6*s**2 + s - 5. Calculate q(m).
1
Let f(o) = -o**2 - 2*o + 4. Let x be f(-4). Let n(z) = 44*z + 21*z + 31*z - 110*z - 4 - 2*z**2 + 7*z. Determine n(x).
-8
Let v(r) = r + 8*r + 47 + 13*r + 1 + 25*r. What is v(-1)?
1
Let s(z) = -3*z**2 - 5*z - 2. Let m(u) = 2*u + 22. Let t be m(0). Suppose 0 = h - 3*i - 11, 0 = -3*h - i - i - t. What is s(h)?
-30
Let n(d) be the first derivative of -13*d**2/2 - 5*d - 24. Let c(l) = 68*l + 26. Let k(m) = -3*c(m) - 16*n(m). Determine k(2).
10
Suppose -5*r + 13 = 16*r + 76. Let l(y) = -14*y - 49. Determine l(r).
-7
Let n(b) = -24*b**2 - 8 + 18*b**2 + 16*b - b + 9*b**2 - 5*b**2 - 5*b. Let w(r) = 6*r**2 + r + 1. Let z be w(-1). What is n(z)?
-20
Let s(n) = 3*n - 108. Let l(q) = 4. Let j be 45/(-4 - 1) + 5. Let o(a) = j*s(a) - 108*l(a). Calculate o(-1).
12
Suppose -2*u - 23 + 4 = 5*g, 8*g - 20 = 4*u. Let m(f) = -5*f + 0 + 0. Give m(g).
5
Let l(v) be the second derivative of -v**4/12 - 4*v**3/3 - 4*v**2 - 2*v. Let p(m) = m - 4. Let g be p(16). Suppose -114 = 7*c + g*c. Calculate l(c).
4
Let u(j) = 3*j**3 + 2*j**2 - 4*j + 5. Let v(q) = -2*q**3 - 4*q**3 + 7*q**3 + 3 - 1 - q. Let d(y) = -u(y) + 2*v(y). Calculate d(1).
-2
Let v(f) = -3*f - 24. Let u be v(-11). Let s(c) = 2*c**3 - c + 1. Let d(a) = -5*a**3 + 8*a**2 + 12*a - 5. Let w(p) = -d(p) - 2*s(p). Give w(u).
-6
Let w = 395 + -86. Let r(x) = 2*x + 615*x**2 + 1 - 304*x**2 - w*x**2. Give r(-2).
5
Let v = -9660 + 9650. Let a(k) = 0*k**3 - 11*k**2 + 4*k**3 - 1 - 10*k - 5*k**3. What is a(v)?
-1
Suppose 53 = -43*a + 10. Let d(p) be the second derivative of -11*p**5/20 + p**3/6 + p**2/2 + 10*p. What is d(a)?
11
Let t(i) = 46*i**2 + 5*i**3 - 21*i**2 + 10 - 24*i**2 - 6*i**3. Let m(k) = 3*k + 1. Let y be m(1). Suppose y*j - 1 = -3*v + 7, 0 = -4*j + 8. What is t(v)?
10
Suppose 0 = 2*h - 3*h + 4. Let z(v) = h + 10*v - 2*v**3 - 11*v**2 + 3*v**3 + 1. Let q(a) = -68*a**2 + 208*a - 2. Let p be q(3). Calculate z(p).
5
Let w(z) be the second derivative of 25*z**3/6 - 9*z**2/2 - 5960*z. What is w(6)?
141
Let b be (-38)/5 + (-164)/10 + 17. Let n(g) = 4*g - 3. What is n(b)?
-31
Suppose -18 = 3*n + 5*m, 3*n + 4 + 14 = m. Let l be (-5)/15 + -1 + (-2)/n. Let k(w) = 7*w**2 + 0*w**2 - 6 + 5 + 0. Calculate k(l).
6
Let k = -3 - -2. Let l(q) = q**3 - q. Let b(v) = -3*v**2 + 8995*v + 4*v**2 - 3*v**3 - 8989*v. Let o(w) = k*b(w) - 6*l(w). Calculate o(-1).
2
Let r(q) = 4*q + 10*q - 4*q - 2*q + 8*q. Let i(g) = -27*g + 1. Let k(j) = 3*i(j) + 5*r(j). Let l = 1 - 8. What is k(l)?
10
Let g = 481 - 476. Let f(k) be the first derivative of -k**4/12 + k**3 - 5*k**2/2 - 19*k + 18. Let c(b) be the first derivative of f(b). What is c(g)?
0
Suppose 5*y - 26*g + 3417 = -22*g, -3*g - 2746 = 4*y. Let a = 685 + y. Let f(b) = b**2 + 5. Determine f(a).
5
Let j(l) = -29*l - 1020*l**2 + 1022*l**2 - 36*l + 14*l - 39. Give j(27).
42
Let v(h) = -h - 7. Suppose 3 = -n, 5*n + 57 = 10*g - 13*g. Let s be 4/g - 0 - 70/(-245). Give v(s).
-7
Let b be 8 - (240/300 + 44/(-5)). Let n(z) = 3*z - 45. Determine n(b).
3
Let v(b) = -b + 1. Let y(q) = 13*q - 8. Let h(z) = 22*v(z) + 2*y(z). Let u be 1 - ((-27)/90 - (-292)/40). Calculate h(u).
-18
Let b(n) = -6*n - 78. Let d be b(-17). Suppose -d*a + a = -161. Let w(t) = -5 + 5 - 5*t + 7. Determine w(a).
-28
Let j(g) = 3*g**2 + 10*g - 14. Let c(a) = 7*a**2 + 48*a - 44*a - 5 - 6*a**2. Let r(d) = -8*c(d) + 3*j(d). Let q(w) = w - 1. Let x be q(5). Determine r(x).
6
Let u(v) = 3 - 2*v - 20400*v**2 + 2*v**3 - v**3 + 20412*v**2. Determine u(-12).
27
Let c = -3479 - -3463. Let s(h) = -h**2 - 18*h - 37. Calculate s(c).
-5
Let p(y) = 3*y - 55. Let v(k) = k**3 - 10*k**2 - 78*k + 63. Let o be v(15). What is p(o)?
-1
Let l(t) = -t**3 + 16*t**2 + 17*t - 25. Suppose 2*s + 10 = 0, 4*v + 38*s - 53 = 35*s. What is l(v)?
-25
Suppose -4*p + 17 = -2*c - 11, 5*c + 2*p = -34. Let r(q) be the third derivative of q**6/120 + 3*q**5/20 + 5*q**4/12 - 5*q**3/3 - 20*q**2. Calculate r(c).
-26
Let b(u) = 8*u - 6. Suppose -163*z = -363 - 126. Determine b(z).
18
Let h(k) be the first derivative of -2*k**3/3 + 18*k**2 - 69*k + 2908. Determine h(16).
-5
Let m(a) = a**3 + a - 3. Suppose -t + 2 = 3*y - 3, -4*t = 2*y. Let i(h) = 7*h**2 + 2*h + 1. Let f be i(t). Suppose -c = -f*c. Calculate m(c).
-3
Suppose -2*j = 6 + 4. Let b(p) = 4*p + 5 + 22 - p + 5 - 35 + p**2. What is b(j)?
7
Suppose 0 = -13*z + 17 + 191. Let k(a) = -a**2 + 20*a - 75. Calculate k(z).
-11
Let r(x) = 2*x**3 - 3*x**2 - 4*x**2 + 5 + 4*x**2 + 2 - 8*x + 7*x. Determine r(3).
31
Let b be (4*(-4)/(-8))/1. Let w(y) = -11*y + 14*y**2 - 29*y**b - 7 + 14*y**2. Determine w(-5).
23
Let a(m) = -m**3 - 9*m**2 - 6*m + 11. Let p = 593 + -728. Let w be 1062/p - (-8)/(-60). Give a(w).
-5
Let h(z) = -z**2 + z + 6. Suppose 58*w = -125*w + 915. Give h(w).
-14
Let y = 37 + -70. Let k = y - -36. Suppose 2*f = -k*c + 8, f = -4*c + 6*c + 4. Let g(p) = p. Give g(f).
4
Let q(s) = -3*s**2 + 34*s - 9. Let r(h) = -6*h**2 + 69*h - 24. Let n(l) = -7*q(l) + 4*r(l). Calculate n(12).
-9
Suppose 6 = 5*d - 9. Suppose -23 = -3*q - 2*g + 2, -3*q + d*g + 15 = 0. Let v(i) = 0*i - i - 2 + 2*i. What is v(q)?
5
Let o(m) = 16*m**2 + 8*m - 27. Let t(v) = -7*v**2 - 3*v + 13. Let x(l) = 3*o(l) + 7*t(l). Calculate x(-6).
-44
Let h(w) = 15*w + 12*w - 48*w + 14*w - 4 + 2 - w**3. Let d(q) = -2*q**2 + q - 1. Let l(k) = -2*d(k) - h(k). Give l(-3).
-2
Let a(c) be the third derivative of c**5/12 - 8*c**4/3 - c**3 + 7823*c**2. Give a(13).
7
Let p be ((-12480)/270)/(-26) - (-4)/18. Let q(o) be the second derivative of -1/6*o**3 - o**p + 0 + 38*o. Determine q(-3).
1
Suppose -19 = 3*o - 37. Suppose -o + 51 = -3*a. Let y = a - -24. Let u(q) = -q**3 + 8*q**2 + 9*q + 1. Give u(y).
1
Let k(l) = -l**2 - 7*l + 8. Suppose -259 = -5*b - 239. Suppose 10 = -5*i + j - 5*j, -26 = i - b*j. What is k(i)?
14
Let h(c) = c**3 + 3*c**2 - c + 3. Let a be -179 + 1/2*-2*-2. Let m = a + 174. Determine h(m).
6
Let s(g) = -60*g + 9*g + 8 + g**2 + 11 + 34*g - 5. Determine s(9).
-58
Let i be 10/(7 - (-36)/(-8)). Let k be i*-2 - (32 - 37). Let h(s) be the third derivative of s**5/60 + s**4/24 + s**3/2 + s**2. Calculate h(k).
9
Suppose -h + 23 - 102 = -4*a, 3*a - 2*h - 53 = 0. Suppose 3*t - 8*t - a = -4*c, -2*c + 2*t = -12. Let b(x) = -x**2 + 10*x - 12. Calculate b(c).
-3
Let z(n) = -n + 1. Let c(y) = y**3 + 5*y**2 + y + 12. Let d(f) = c(f) - 5*z(f). Let u be (-18)/(-22)*(-18403)/5019. Give d(u).
7
Let f(b) = 743 + b**3 + 725 - 1464 - 6*b**2 + 5*b. Give f(4).
-8
Let x be 259/(-74)*2/(-7) - (2 + -1). Let s(k) be the second derivative of -1/12*k**4 - 1/3*k**3 + 2*k**2 + 17*k + x. Calculate s(-3).
1
Let k(p) = -p**2 - 6*p - 1. Let m be k(-5). Let 